 the highest common factor of 132 and 220.
44
What is the highest common divisor of 72 and 63?
9
What is the highest common divisor of 189 and 4509?
27
Calculate the greatest common divisor of 672 and 64.
32
What is the highest common divisor of 30 and 50?
10
Calculate the highest common divisor of 735 and 6.
3
What is the greatest common factor of 1888 and 96?
32
What is the greatest common factor of 39 and 27?
3
Calculate the greatest common factor of 265 and 5.
5
Calculate the highest common divisor of 517 and 752.
47
What is the greatest common divisor of 10402 and 14?
14
What is the highest common divisor of 43 and 688?
43
What is the highest common factor of 8 and 7864?
8
Calculate the greatest common factor of 1651 and 39.
13
Calculate the highest common factor of 675 and 2160.
135
Calculate the greatest common divisor of 156 and 116.
4
Calculate the greatest common factor of 207 and 1.
1
Calculate the greatest common factor of 20 and 310.
10
What is the greatest common factor of 2505 and 105?
15
What is the greatest common factor of 84 and 140?
28
What is the greatest common factor of 36288 and 84?
84
What is the highest common divisor of 581 and 166?
83
Calculate the greatest common divisor of 480 and 30.
30
Calculate the highest common factor of 280 and 35.
35
Calculate the greatest common divisor of 672 and 396.
12
What is the highest common divisor of 14039 and 139?
139
What is the greatest common factor of 6 and 9576?
6
What is the highest common factor of 236 and 1298?
118
Calculate the highest common factor of 270 and 150.
30
What is the highest common divisor of 460 and 644?
92
What is the greatest common divisor of 3059 and 2128?
133
Calculate the greatest common factor of 97 and 776.
97
What is the greatest common factor of 21 and 53529?
21
Calculate the greatest common divisor of 256 and 2848.
32
Calculate the greatest common divisor of 1210 and 110.
110
What is the greatest common factor of 56 and 2674?
14
What is the greatest common divisor of 1185 and 30?
15
What is the greatest common divisor of 222 and 5217?
111
What is the greatest common divisor of 89 and 2047?
89
What is the greatest common divisor of 91 and 208?
13
What is the greatest common factor of 504 and 63?
63
Calculate the greatest common factor of 54 and 162.
54
Calculate the greatest common divisor of 8832 and 207.
69
Calculate the greatest common divisor of 1178 and 228.
38
Calculate the greatest common divisor of 2 and 256.
2
Calculate the highest common divisor of 20017 and 111.
37
What is the highest common factor of 12994 and 438?
146
Calculate the highest common factor of 387 and 207.
9
Calculate the greatest common divisor of 21 and 144.
3
Calculate the greatest common factor of 14 and 42.
14
Calculate the highest common divisor of 3052 and 56.
28
What is the greatest common divisor of 4576 and 12?
4
Calculate the greatest common divisor of 828 and 92.
92
Calculate the highest common factor of 12 and 34836.
12
What is the greatest common divisor of 884 and 34?
34
What is the greatest common factor of 3 and 69?
3
Calculate the highest common factor of 146 and 511.
73
What is the greatest common divisor of 986 and 102?
34
What is the greatest common divisor of 360 and 200?
40
Calculate the highest common divisor of 49 and 245.
49
Calculate the greatest common divisor of 5060 and 55.
55
What is the highest common factor of 2664 and 2088?
72
Calculate the greatest common divisor of 69 and 15.
3
Calculate the highest common divisor of 360 and 225.
45
Calculate the greatest common factor of 39 and 10023.
39
Calculate the highest common divisor of 5055 and 135.
15
What is the greatest common divisor of 925 and 2405?
185
What is the highest common divisor of 583 and 212?
53
Calculate the highest common factor of 810 and 12.
6
What is the highest common factor of 51 and 68?
17
What is the highest common factor of 6 and 252?
6
What is the highest common divisor of 43 and 7697?
43
Calculate the highest common factor of 2925 and 18.
9
What is the highest common factor of 15 and 1095?
15
Calculate the greatest common factor of 2834 and 1199.
109
What is the greatest common factor of 2097 and 1631?
233
What is the highest common factor of 81 and 8181?
81
What is the highest common divisor of 87 and 29?
29
Calculate the highest common factor of 2331 and 315.
63
What is the highest common divisor of 268 and 68?
4
Calculate the highest common divisor of 3294 and 27.
27
What is the highest common divisor of 168 and 164?
4
Calculate the highest common factor of 685 and 15.
5
What is the greatest common factor of 340 and 4828?
68
What is the greatest common factor of 224 and 49?
7
What is the highest common divisor of 2673 and 2079?
297
Calculate the highest common factor of 192 and 1072.
16
What is the greatest common factor of 360 and 1170?
90
Calculate the highest common divisor of 209 and 95.
19
What is the highest common divisor of 154 and 70?
14
Calculate the greatest common factor of 90 and 1410.
30
What is the greatest common divisor of 1421 and 116?
29
What is the greatest common divisor of 13 and 28717?
13
Calculate the highest common divisor of 2919 and 278.
139
Calculate the highest common divisor of 190 and 20.
10
What is the highest common factor of 990 and 385?
55
Calculate the greatest common factor of 14 and 77.
7
What is the greatest common divisor of 84 and 630?
42
What is the greatest common divisor of 455 and 273?
91
Calculate the greatest common factor of 5 and 235.
5
What is the greatest common factor of 161 and 35?
7
Calculate the highest common factor of 2680 and 440.
40
What is the highest common factor of 294 and 3864?
42
What is the highest common factor of 74 and 22459?
37
Calculate the greatest common divisor of 32 and 480.
32
Calculate the highest common divisor of 36 and 396.
36
Calculate the greatest common factor of 40 and 10.
10
Calculate the highest common factor of 45 and 10740.
15
Calculate the highest common divisor of 888 and 696.
24
Calculate the highest common factor of 558 and 18.
18
Calculate the highest common factor of 77 and 14.
7
What is the greatest common factor of 4770 and 1325?
265
Calculate the highest common divisor of 2755 and 285.
95
Calculate the greatest common divisor of 816 and 324.
12
Calculate the greatest common factor of 1596 and 285.
57
What is the highest common divisor of 68 and 51?
17
Calculate the highest common divisor of 2769 and 156.
39
Calculate the greatest common factor of 109 and 436.
109
Calculate the greatest common factor of 7317 and 9.
9
What is the greatest common factor of 3 and 24?
3
Calculate the highest common factor of 468 and 52.
52
Calculate the highest common factor of 880 and 70.
10
Calculate the highest common divisor of 648 and 96.
24
What is the greatest common factor of 8 and 116?
4
Calculate the highest common divisor of 84 and 126.
42
What is the highest common divisor of 84 and 12999?
21
Calculate the highest common divisor of 261 and 18.
9
What is the greatest common divisor of 480 and 45?
15
What is the greatest common divisor of 238 and 442?
34
Calculate the highest common divisor of 40 and 135.
5
Calculate the greatest common factor of 168 and 2976.
24
What is the greatest common divisor of 294 and 539?
49
What is the greatest common divisor of 117 and 390?
39
Calculate the highest common divisor of 23730 and 420.
210
What is the greatest common factor of 154 and 56?
14
Calculate the highest common factor of 51 and 85.
17
What is the greatest common divisor of 66 and 198?
66
Calculate the greatest common divisor of 351 and 216.
27
What is the greatest common divisor of 77 and 189?
7
Calculate the greatest common factor of 627 and 171.
57
What is the greatest common divisor of 3 and 8?
1
Calculate the highest common factor of 201 and 17889.
201
What is the highest common factor of 31 and 1457?
31
Calculate the highest common factor of 143 and 22.
11
Calculate the highest common divisor of 221 and 26.
13
Calculate the highest common factor of 7 and 16163.
7
Calculate the highest common divisor of 4 and 3908.
4
What is the greatest common factor of 528 and 864?
48
What is the highest common factor of 30 and 870?
30
What is the greatest common factor of 36 and 12456?
3